, 21 = c + 4*l. List the prime factors of u(c).
3, 7
Let a(b) = -53*b + 8. List the prime factors of a(-1).
61
Suppose -3*u + 519 = 3*q, 0 = -0*u - 2*u. List the prime factors of q.
173
Let i(w) = -4*w - 4. List the prime factors of i(-7).
2, 3
Let a be -1 - 6*(-3)/(-2). List the prime factors of 2/a + 364/20.
2, 3
Let o = 168 + -118. List the prime factors of o.
2, 5
Let y(i) = 18*i**3 - i**2 + i. Let u be y(1). Suppose -4*b + 154 = u. What are the prime factors of b?
2, 17
Suppose -3*a - 24 = -3*f, 2*f + 17 = f - 4*a. Suppose 0 = -3*p + 18 - f. Suppose -p*k + 22 = -3. List the prime factors of k.
5
Let u(y) = 10*y - 2. Let k be u(-2). Let v = -11 - k. What are the prime factors of v?
11
Suppose -3*j = -c - 4 + 1, -2*c - 4*j + 14 = 0. Suppose 0*v - 3*v = 3*o + 3, -3*v = -3*o + c. Suppose o*n = -n + 6. What are the prime factors of n?
2, 3
Suppose -3*j + 59 = -22. Let i = j - 15. List the prime factors of (3/9)/(1/i).
2
Suppose 0 = a + 4*a - 920. List the prime factors of a.
2, 23
Let v(m) = 2*m**2 - 2*m - 1. Suppose 4 = -3*r - 2. List the prime factors of v(r).
11
Suppose 5 + 11 = 2*b. List the prime factors of b.
2
Suppose 20 = -4*h, 2*h + h = -3*c - 9. Suppose -2*s = -c - 6. What are the prime factors of s?
2
Let b(n) = 3*n**2 - 2*n + 1. Let r be b(6). Suppose 3*i - r = -5*s + i, -s = 2*i - 13. List the prime factors of s.
3, 7
Let h be 104/(-18) - 4/18. Let o be (4/(-12))/((-1)/9). What are the prime factors of (h/(-4))/(o/20)?
2, 5
Let y be ((-9)/(-27))/((-1)/(-21)). Suppose -l = y - 20. What are the prime factors of l?
13
Let t(d) = d**3 - 8*d**2 + 6*d + 7. Let a be t(7). Let l be 13 - 0/(a + 1). Let o = l - 6. List the prime factors of o.
7
Suppose -23*l + 675 = -18*l. What are the prime factors of l?
3, 5
Suppose -38 = -2*o + 4*m + 32, 3*m = -5*o + 162. What are the prime factors of o?
3, 11
Suppose 8*v - 370 = 3*v. What are the prime factors of v?
2, 37
Let j = 1 - 1. Suppose -2*l + r + 104 = -j*r, -l + 3*r + 52 = 0. List the prime factors of l.
2, 13
Let i(j) = j**3 - 11*j**2 + 13*j - 5. List the prime factors of i(10).
5
Let u(c) = 5*c**3 + 2*c - 1. Let l be u(1). What are the prime factors of 15 - (-5)/((-15)/l)?
13
List the prime factors of 1 + -3 - (2 - 159) - -2.
157
Suppose 2*g - 2*t - 202 = 0, 2*g + 5*t - 196 = 4*t. Let k be g/(-12) - 1/(-4). Let n = k + 17. What are the prime factors of n?
3
Suppose -2*r = -0*r + 72. What are the prime factors of (-116)/r - (-4)/(-18)?
3
Let o(a) = 5*a**3 + 9*a**2 - 8*a - 17. Let t(l) = -3*l**3 - 6*l**2 + 5*l + 11. Let w(d) = 5*o(d) + 8*t(d). What are the prime factors of w(3)?
3
Let y = 11 + -2. Suppose 4*o - y = o. List the prime factors of o.
3
Suppose 0 = -5*v - 4 - 1. What are the prime factors of 12 - (v - (-2 - -3))?
2, 7
Let w(z) = z**2 - 10*z + 4. Let g be w(11). Suppose g = -3*j, -3*x = -0*x + j + 5. Suppose -4*r + 4*i + 4 = -x*i, 0 = -i + 1. List the prime factors of r.
2
Suppose 2*v + 15 = t, -3*t - 2*v + 24 = -v. Let q = t + 6. What are the prime factors of q?
3, 5
Let r = -20 - -14. Let k(h) = -4*h + 4*h - 3 + 0*h - 2*h. List the prime factors of k(r).
3
Let x = 75 + -47. What are the prime factors of x?
2, 7
Suppose 100 = 5*r - 5*x, 0 = 3*r - 4*r + 4*x + 35. List the prime factors of (6/r)/((-3)/(-150)).
2, 5
Let i be (-2)/4*(0 - 0). Let k be (i - -1)*(2 - 9). Let o = k - -20. What are the prime factors of o?
13
Suppose -2*t = -c + 6, -2*t - 10 = -3*c - 0*t. Suppose -6*n = -c*n - 60. List the prime factors of n.
3, 5
Let t be 0/(0/(-1) + 1). Suppose -47 = -2*b + 4*r + 1, t = 5*b + 2*r - 72. What are the prime factors of b?
2
Let v(o) = -o**3 - 7*o**2 + 7*o - 4. List the prime factors of v(-8).
2
Suppose -g - g + 10 = 0. Suppose 5*i + 2*t = 6*t + 11, 0 = g*t - 5. Suppose -2*j = 2*r + i*j + 1, 0 = -2*j - 6. List the prime factors of r.
7
Suppose 3*q - 26 = 7. Let x = q - 4. List the prime factors of x.
7
Let o = -29 - -100. List the prime factors of o.
71
Let c(w) = -22*w**3 + 2*w + 1. What are the prime factors of c(-1)?
3, 7
Suppose 6*a - 12 = 3*a. Suppose 2*n - 3*n = 5*q - 9, -a = -n. What are the prime factors of 18 + (q - 1) + -2?
2
Suppose -1 + 13 = -4*s. What are the prime factors of -33*(-12)/(-27)*s?
2, 11
Let c be 2/10 - 78/(-10). Let v be c/6 - (-12)/18. Let o = v - -1. What are the prime factors of o?
3
Suppose -24*n = -18*n - 1200. List the prime factors of n.
2, 5
Let g(i) = -i**3 - 2*i. Let f be (1 + 1)*5/(-5). List the prime factors of g(f).
2, 3
List the prime factors of (5/2)/(2/160).
2, 5
Suppose -2*z + 351 = 5*s + 123, 0 = -z - 3*s + 113. List the prime factors of z.
7, 17
Let z = 2 + 1. Let c = z - -4. List the prime factors of c.
7
Suppose 2*b = 3*b - 4. Let n = -24 - -26. Suppose 4*w + 14 = y + b*y, -2*w = n*y - 20. What are the prime factors of y?
2, 3
Let k be (-4)/(-14) + 412/28. What are the prime factors of (-10)/k*(-150)/4?
5
Suppose -b + 0*t = t + 14, -78 = 5*b - 3*t. Let q = 23 + b. List the prime factors of q*3/6*1.
2
Suppose 0 = -4*l - 34 - 38. Let g = l - -30. Suppose -s - s = -g. List the prime factors of s.
2, 3
Suppose -11 = -3*b + 115. Suppose -3 - b = -5*p. What are the prime factors of p?
3
Let k be -4 + -1 + -1*4/(-4). Let x(o) = o**3 - 6*o**2 - 3*o + 8. Let m be x(6). Let q = k - m. What are the prime factors of q?
2, 3
Suppose 5*p = -15, 2*w + 4*p + 2 = 54. List the prime factors of w.
2
Let m(o) = -o**3 - 5*o**2 - 2*o + 7. What are the prime factors of m(-5)?
17
Let k(a) = -3*a + 11. What are the prime factors of k(-6)?
29
Suppose -3*y - 3*p + 156 = -p, -3*p + 261 = 5*y. List the prime factors of y.
2, 3
Let j(k) = 24*k + 2. Let h(z) = 12*z + 1. Let t(p) = 5*h(p) - 2*j(p). What are the prime factors of t(1)?
13
Let i(d) = d**3 + 13*d**2 + 2*d - 15. What are the prime factors of i(-8)?
17
Suppose 10 = 6*c - c. Suppose -p = -c*p + 20. List the prime factors of p.
2, 5
Let c = -9 + 16. Let k = -3 + c. List the prime factors of k.
2
Suppose -8 = -6*t + 4*t. Let n be (t/(-2))/(3/(-6)). Suppose -n*a = -a + y - 18, 0 = 3*a - 4*y - 3. List the prime factors of a.
5
Let k be (3 - 1)/(2/(-9)). Let w be ((-6)/k)/(2/(-24)). Let p = w - -11. List the prime factors of p.
3
Let p(a) = a**2 + 6*a + 8. Let z be p(-8). Suppose -z = -2*w + 5*w. List the prime factors of ((-3)/(-12))/((-1)/w).
2
Let s = -2 - -7. Suppose -s*w + 4*j + 52 = -55, 72 = 3*w - 5*j. What are the prime factors of w?
19
Let t = 0 - -1. Let a(q) = 0*q**2 + 3*q**3 + q - 5*q**2 + 5*q**3 + 3*q**2. List the prime factors of a(t).
7
Suppose -c - 3*c + 24 = 0. What are the prime factors of 8/3*c/8?
2
Suppose o - 3*o = 4*u - 2, -2*o = -4*u + 14. Suppose -x = u*x - 51. What are the prime factors of x?
17
Suppose 5*t = -m + 570, 2*t - 180 - 25 = -5*m. List the prime factors of t.
5, 23
Suppose -2*m = 2*m - 4*n - 84, n = 5*m - 117. List the prime factors of m.
2, 3
Suppose 4*s + 2 + 6 = 2*z, 4*z - 4*s = 24. Suppose m = 5*g + 2, z = -m + 2*m - 2*g. Let h = m + -9. What are the prime factors of h?
3
Let q = -3 - -5. Suppose 3*r - 9 = u + q*u, 4*r = 5*u + 13. Suppose -r*v + 0*v + 22 = 0. What are the prime factors of v?
11
List the prime factors of (-4)/6 + 202/6.
3, 11
Let a = -29 + 45. Suppose -2*r - 4*y + 16 = 0, -2*r - 4*y + a = -5*y. What are the prime factors of r?
2
Suppose 61 = -2*g + 175. List the prime factors of g.
3, 19
Suppose 4*o - 2*g = -g + 51, -4*o + 57 = 5*g. What are the prime factors of o?
13
Let j(m) = -6*m**3 - 2*m**2 + 7*m + 4. What are the prime factors of j(-3)?
127
Let h = -26 + 37. List the prime factors of h.
11
Let y be 2/4 + (-2)/4. Let n = y - 6. List the prime factors of (-9)/n*(-40)/(-6).
2, 5
Suppose 43*o - 55 = 38*o. What are the prime factors of o?
11
Let h = -31 - -50. Suppose 5*u - 12 = 4*o + h, 2*o + 8 = 0. What are the prime factors of u?
3
Suppose 0 = -9*b + 8*b + 139. List the prime factors of b.
139
Let p be 2/8 - 11/(-4). Suppose 13 = -p*x + 70. List the prime factors of x.
19
Let q = -40 + 63. List the prime factors of q.
23
Let c be ((-16)/(-6) + -2)*-3. List the prime factors of (17/c)/(3/(-6)).
17
Suppose 4*q = -0*q + 8. List the prime factors of q.
2
Let b be ((-90)/(-7))/(9/42). Let l = b - 37. List the prime factors of l.
23
Let q(f) = -2*f + f**2 + 0*f**3 + 19*f**3 + 2 - 1. Suppose 0*t - 4*t + 4 = 0. List the prime factors of q(t).
19
Suppo